False
Is 451557619 composite?
True
Is 1245906101 composite?
True
Is 24308163137 a composite number?
False
Is 184023886063 a prime number?
True
Is 199294829 prime?
True
Is 3208310477 a composite number?
True
Is 41535741154 a composite number?
True
Is 13884407261 a composite number?
True
Is 813366091 prime?
True
Is 12163206149 prime?
True
Is 685373393 composite?
True
Is 37912570537 a composite number?
True
Is 1887841015 a prime number?
False
Is 185680337 a composite number?
False
Is 415204571 a prime number?
False
Is 34623562751 prime?
False
Is 314793419 prime?
True
Is 3882366182 prime?
False
Is 528230602 prime?
False
Is 2515030121 a composite number?
True
Is 735171079 a prime number?
False
Is 8551629111 a prime number?
False
Is 1312864057 a composite number?
True
Is 406251751 composite?
True
Is 88913057 prime?
False
Is 190083351793 prime?
True
Is 2601975773 composite?
False
Is 12342084427 a composite number?
True
Is 12730672807 a prime number?
True
Is 2712927247 a composite number?
False
Is 821278699 a prime number?
False
Is 88416262967 prime?
True
Is 390819582627 a composite number?
True
Is 2495500169 a composite number?
True
Is 980914567 composite?
False
Is 103395334531 a composite number?
False
Is 388301683083 prime?
False
Is 1847525843 a prime number?
False
Is 11637507433 prime?
False
Is 15285584887 a prime number?
False
Is 908398681 composite?
True
Is 4661625733 a composite number?
False
Is 940602139 a composite number?
True
Is 971888383 a prime number?
False
Is 2185031033 a composite number?
False
Is 1152427357 a prime number?
False
Is 4077733259 a composite number?
True
Is 1593962063 a composite number?
False
Is 64828362371 a prime number?
True
Is 433906849 a prime number?
True
Is 3751655563 a prime number?
True
Is 424885843 prime?
True
Is 16040226373 a prime number?
True
Is 1764192761 a composite number?
True
Is 3396169027 prime?
True
Is 1269295541 composite?
False
Is 768892091 a prime number?
False
Is 5487192151 composite?
True
Is 390370051 a composite number?
False
Is 117116081 a prime number?
True
Is 12608467273 a prime number?
False
Is 8050926389 a prime number?
False
Is 12403209002 a composite number?
True
Is 4122464767 a prime number?
True
Is 17572865449 a composite number?
False
Is 639710717 composite?
True
Is 1742672819 a prime number?
True
Is 24556548641 prime?
True
Is 2799222581 a composite number?
False
Is 2486331911 composite?
True
Is 7488771919 a prime number?
False
Is 3176525029 a composite number?
False
Is 2290137145 a prime number?
False
Is 2031120449 a composite number?
False
Is 4738575245 a composite number?
True
Is 3731782679 prime?
True
Is 61023329 composite?
True
Is 12593211451 a prime number?
True
Is 2515572359 prime?
True
Is 36910738231 composite?
False
Is 430097359 prime?
True
Is 1082737703 composite?
True
Is 118331051 composite?
True
Is 60473797 a prime number?
True
Is 2044167127 composite?
False
Is 1387354081 prime?
True
Is 581777941 composite?
False
Is 16057889963 a composite number?
False
Is 39637181009 a composite number?
True
Is 2167398971 a prime number?
False
Is 28083267302 a prime number?
False
Is 3217139 a prime number?
False
Is 9261754067 a prime number?
True
Is 30660434549 a prime number?
True
Is 1889628203 prime?
True
Is 10458608177 a composite number?
False
Is 6390703367 prime?
True
Is 295978469 prime?
False
Is 24438593735 a composite number?
True
Is 689396353 a composite number?
False
Is 2054450269 a composite number?
True
Is 379018511 a composite number?
True
Is 14422468469 a composite number?
True
Is 48912684949 prime?
True
Is 426977581 prime?
False
Is 1947465901 a prime number?
False
Is 106194647 prime?
False
Is 17423446283 a prime number?
True
Is 3331753387 a composite number?
False
Is 26938329299 prime?
False
Is 39098911021 prime?
True
Is 13047590789 prime?
True
Is 1216721767 a prime number?
False
Is 5034986639 a composite number?
False
Is 4825502597 prime?
False
Is 2056702705 a prime number?
False
Is 2806902577 composite?
True
Is 195721399 a composite number?
False
Is 2991689653 a prime number?
False
Is 547590707 a composite number?
False
Is 1441780019 composite?
False
Is 5084315081 prime?
False
Is 120439901 prime?
True
Is 13934739307 prime?
False
Is 3035104313 composite?
True
Is 379201373 composite?
True
Is 1426404223 composite?
False
Is 20160341387 a prime number?
False
Is 25532768059 a composite number?
True
Is 47470152211 a prime number?
True
Is 177693319 a prime number?
True
Is 319324804679 composite?
False
Is 1030345751 composite?
True
Is 12690737817 a composite number?
True
Is 34021351307 prime?
False
Is 260515771 a composite number?
False
Is 5243867455 composite?
True
Is 26063568889 composite?
False
Is 823527919 prime?
True
Is 685353989 a prime number?
True
Is 135273287 prime?
True
Is 979550303 a composite number?
False
Is 150401483 prime?
False
Is 33605373539 a composite number?
True
Is 542292913 a composite number?
False
Is 33816931 a prime number?
True
Is 41716728901 a prime number?
True
Is 83080045189 a composite number?
False
Is 25033091 a prime number?
False
Is 33748395017 a prime number?
True
Is 200243882373 prime?
False
Is 1966988591 composite?
False
Is 125249213 composite?
True
Is 276841463 prime?
False
Is 2288926019 a composite number?
True
Is 124033999 prime?
True
Is 4998191651 a composite number?
True
Is 445899131 prime?
False
Is 1872142627 composite?
True
Is 26735599357 prime?
False
Is 30159102923 a prime number?
True
Is 58828130041 a prime number?
False
Is 163699361858 prime?
False
Is 1400208463 prime?
False
Is 7900909921 prime?
True
Is 40903478263 composite?
False
Is 26303072101 prime?
True
Is 6293878213 composite?
True
Is 3282624907 a prime number?
False
Is 3725667227 a composite number?
False
Is 2632463 a prime number?
True
Is 13619938561 a composite number?
True
Is 221089373 prime?
False
Is 347961310067 a composite number?
True
Is 2854700089 a prime number?
False
Is 2167992821 prime?
True
Is 868590413 a composite number?
False
Is 3050682853 a composite number?
False
Is 1008839957 a composite number?
True
Is 21825099013 prime?
False
Is 46444127579 a prime number?
True
Is 9224399018 composite?
True
Is 19049935339 prime?
True
Is 390887971 composite?
True
Is 5808127997 composite?
True
Is 2570731 composite?
True
Is 36301987571 a prime number?
False
Is 76717373 a composite number?
False
Is 1596915901 prime?
False
Is 2333302109 composite?
True
Is 32308744049 prime?
True
Is 134941890757 composite?
True
Is 14908329341 composite?
False
Is 536683993 a prime number?
True
Is 42143154451 a prime number?
True
Is 1378417907 composite?
False
Is 775299641 composite?
False
Is 10753129039 a composite number?
True
Is 1205987341 composite?
True
Is 2615835613 a composite number?
False
Is 402319367 a composite number?
True
Is 134073869 a composite number?
False
Is 190167422299 composite?
True
Is 32441756939 a prime number?
False
Is 6913892057 composite?
False
Is 8493912299 composite?
True
Is 5492687047 composite?
True
Is 69548059423 a composite number?
True
Is 13188816059 composite?
True
Is 1364273869 composite?
True
Is 10975819481 prime?
False
Is 47345814469 a composite number?
False
Is 3393101917 a composite number?
False
Is 6569545183 a prime number?
True
Is 692851 a prime number?
True
Is 849695663 a composite number?
False
Is 5432141153 prime?
True
Is 78386353 a prime number?
True
Is 700888757 a prime number?
True
Is 7529535551 a prime number?
True
Is 353187217 prime?
False
Is 27734779753 a prime number?
False
Is 3808490307 a composite number?
True
Is 20886776297 a prime number?
True
Is 2271606677 a composite number?
False
Is 598587049 a composite number?
False
Is 47116508071 a composite number?
True
Is 6811732729 a prime number?
False
Is 21807026741 composite?
True
Is 4836657337 prime?
False
Is 7717833371 prime?
False
Is 2371669579 prime?
True
Is 55050379609 composite?
False
Is 56674554397 prime?
True
Is 3945789577 a composite number?
True
Is 84129699079 prime?
True
Is 76321182113 a prime number?
False
Is 2355839683 composite?
False
Is 184244689 a composite number?
False
Is 54530074303 a composite number?
True
Is 104483863151 composite?
False
Is 94371553963 composite?
False
Is 342275767 prime?
False
Is 174269911 prime?
True
Is 9847193123 a composite number?
True
Is 24484438439 a c